Is 411 a factor of 651427602?
True
Does 262 divide 110081658?
True
Is 5654 a factor of 2307595290?
True
Does 545 divide 603156650?
False
Does 678 divide 105098814?
True
Is 2386951 a multiple of 133?
True
Is 379971712 a multiple of 1984?
True
Is 16 a factor of 115830606?
False
Does 652 divide 189008280?
True
Is 2217502488 a multiple of 28?
False
Is 243 a factor of 272577300?
False
Does 3093 divide 54223454?
False
Is 8 a factor of 97026664?
True
Does 4 divide 533789352?
True
Does 16 divide 410166912?
True
Is 25 a factor of 13169850?
True
Is 29930823 even?
False
Is 928 a factor of 98358463?
False
Is 3027 a factor of 521322048?
True
Is 4996 a factor of 624839728?
True
Does 1816 divide 60012027?
False
Is 4583 a factor of 76616121?
False
Is 33 a factor of 325889495?
False
Does 1194 divide 32925737?
False
Is 284 a factor of 384312228?
False
Is 773630669 a multiple of 2303?
True
Does 4 divide 64427846?
False
Is 38029511 a multiple of 44?
False
Is 4123028 a multiple of 13?
True
Is 8676 a factor of 2121327433?
False
Is 524 a factor of 3078664763?
False
Is 17 a factor of 126634641?
False
Is 99159934 a multiple of 418?
False
Does 86 divide 2216745613?
False
Does 128 divide 23021482?
False
Is 20 a factor of 266985000?
True
Is 13597 a factor of 3307976884?
False
Is 427204495 a multiple of 13?
False
Does 1021 divide 178713798?
True
Does 244 divide 98191241?
False
Is 1589802790 a multiple of 12626?
True
Is 4042 a factor of 177746950?
True
Is 575 a factor of 2558375176?
False
Does 10822 divide 2266163823?
False
Does 171 divide 32945278?
False
Does 97 divide 1924499320?
False
Is 280031310 a multiple of 8619?
True
Is 138601248 a multiple of 744?
True
Does 4 divide 12632357?
False
Is 25 a factor of 6561275?
True
Is 77 a factor of 343847812?
True
Does 172 divide 1769123372?
True
Does 149 divide 165337716?
False
Does 78 divide 503998957?
False
Does 148 divide 918911428?
True
Does 226 divide 1234345227?
False
Is 336 a factor of 54266688?
True
Does 959 divide 40745992?
True
Is 4770240 a multiple of 229?
False
Does 11 divide 2171688?
False
Is 465525868 a multiple of 4?
True
Is 686 a factor of 156996311?
False
Does 254 divide 837898502?
True
Is 54 a factor of 44083872?
True
Is 161853260 a multiple of 506?
False
Is 51518709 a multiple of 25?
False
Is 4473728 a multiple of 448?
True
Is 761 a factor of 21084312?
False
Is 33603900 a multiple of 599?
True
Is 985 a factor of 19497090?
True
Does 4 divide 618876442?
False
Does 887 divide 17540556?
False
Does 1195 divide 18135592?
False
Does 637 divide 417847157?
True
Is 66 a factor of 142733184?
True
Is 1812 a factor of 83156304?
True
Is 4 a factor of 245876652?
True
Is 38 a factor of 3291294?
True
Does 60 divide 4812663840?
True
Is 687606140 a multiple of 33?
False
Is 46 a factor of 11713835?
False
Is 115870170 a multiple of 130?
True
Does 12 divide 43157076?
True
Is 261 a factor of 341144748?
True
Is 87473470 a multiple of 70?
True
Is 992591055 a multiple of 9195?
True
Is 415 a factor of 1065290890?
True
Does 6054 divide 2478804246?
True
Is 319331656 a multiple of 2131?
False
Is 2612 a factor of 3442616?
True
Is 1175 a factor of 814972842?
False
Is 19027200 a multiple of 32?
True
Is 554 a factor of 57272597?
False
Is 289 a factor of 92630858?
True
Is 547382260 a multiple of 166?
False
Is 3 a factor of 11383125?
True
Does 652 divide 3395129832?
False
Is 10 a factor of 1546110?
True
Is 8 a factor of 8180685?
False
Is 3759 a factor of 1696594578?
True
Is 31388877 a multiple of 351?
True
Is 338450754 a multiple of 84?
False
Is 82194853 a multiple of 3459?
False
Does 86 divide 31288090?
True
Does 100 divide 195395964?
False
Is 1174 a factor of 31642822?
True
Does 4 divide 2925584103?
False
Does 2802 divide 2154797788?
False
Is 28042707 a multiple of 7?
True
Is 3924 a factor of 462785550?
False
Does 407 divide 17756596?
True
Does 52 divide 384589192?
True
Is 11323362 a multiple of 10?
False
Is 1986117067 a multiple of 21?
False
Is 672412912 a multiple of 587?
False
Does 1142 divide 3413870818?
True
Does 68 divide 91186776?
True
Is 29964984 a multiple of 56?
True
Does 17 divide 100113507?
False
Does 21 divide 113581461?
True
Is 66144 a multiple of 24?
True
Is 10297747 a multiple of 47?
True
Is 69542110 a multiple of 71?
False
Does 497 divide 268222948?
True
Is 153 a factor of 155492370?
True
Does 13 divide 2531505?
False
Does 3 divide 107548687?
False
Is 109940151 a multiple of 156?
False
Does 203 divide 713495?
False
Is 49682694 a multiple of 1203?
False
Does 191 divide 111856476?
True
Is 2934 a factor of 538351594?
False
Is 17 a factor of 89163781?
False
Is 5 a factor of 8464553?
False
Does 23 divide 12301940?
False
Is 160 a factor of 389012160?
True
Does 34 divide 4764226705?
False
Is 39065437 a multiple of 95?
False
Is 141 a factor of 17215254?
True
Is 2 a factor of 2359933?
False
Does 3 divide 121021907?
False
Does 45 divide 6365695?
False
Is 25534550 a multiple of 5?
True
Is 103254102 a multiple of 125?
False
Is 11351064 a multiple of 12?
True
Is 10 a factor of 63556836?
False
Is 2282 a factor of 193182710?
True
Is 106013819 a multiple of 1068?
False
Is 682 a factor of 3047828674?
True
Is 1147871134 a multiple of 66?
False
Does 9 divide 21950385?
False
Is 201425896 a multiple of 436?
True
Is 51 a factor of 3593707248?
True
Does 40 divide 855602525?
False
Is 67 a factor of 301698990?
True
Is 140808477 a multiple of 1019?
True
Is 12832 a factor of 1114146240?
False
Does 45 divide 2142534285?
True
Does 26 divide 15444676?
True
Is 172 a factor of 766761?
False
Is 1933 a factor of 96697356?
False
Is 100878408 a multiple of 306?
True
Is 2210505 a multiple of 5?
True
Is 17 a factor of 327595414?
False
Is 43664815 a multiple of 1448?
False
Is 23 a factor of 3246505821?
True
Is 49 a factor of 111559429?
False
Is 29 a factor of 611808614?
False
Is 3121470 a multiple of 1051?
True
Is 2057472 a multiple of 912?
True
Is 341837184 a multiple of 416?
True
Is 421364627 a multiple of 16?
False
Is 12 a factor of 700884808?
False
Is 53 a factor of 58621604?
True
Is 165346632 a multiple of 319?
True
Is 4862710 a multiple of 5?
True
Does 1387 divide 230346025?
True
Does 76 divide 8513044?
False
Is 1054 a factor of 1513205256?
False
Does 13 divide 333824308?
False
Does 638 divide 75976280?
False
Is 12 a factor of 37435790?
False
Is 14509998 a multiple of 5?
False
Is 327 a factor of 126453843?
True
Does 16 divide 32279616?
True
Is 10 a factor of 71865784?
False
Does 267 divide 1059431?
False
Is 59580598 a multiple of 9?
False
Is 48509359 a multiple of 2887?
False
Is 290 a factor of 10651700?
True
Is 49188025 a multiple of 31?
False
Does 5 divide 253945?
True
Does 13 divide 32732037?
True
Is 761290743 a multiple of 353?
True
Is 13 a factor of 200457699?
True
Is 89 a factor of 111811679?
True
Does 354 divide 181283400?
True
Is 67 a factor of 39468963?
True
Is 111 a factor of 341299803?
True
Is 364934617 a multiple of 386?
False
Does 15 divide 157033372?
False
Does 28 divide 31302779?
False
Is 5 a factor of 296832550?
True
Is 559 a factor of 3989415?
False
Is 24074899 a multiple of 534?
False
Is 376 a factor of 2439306465?
False
Is 291288168 a multiple of 996?
True
Does 76 divide 23903640?
False
Is 13 a factor of 26797648?
False
Is 10666681 a multiple of 23?
False
Is 28891564 a multiple of 316?
True
Is 70903926 a multiple of 1951?
False
Is 110 a factor of 174281910?
True
Is 10684088 a multiple of 4?
True
Does 80 divide 461593200?
True
Is 19584862 a multiple of 289?
False
Is 401 a factor of 3609401?
True
Is 1894 a factor of 280423064?
False
Does 15 divide 47277471?
False
Is 655701096 a multiple of 12?
True
Is 242159940 a multiple of 90?
True
Does 672 divide 3271367805?
False
Is 61 a factor of 6382383367?
False
Is 112389354 a multiple of 619?
True
Is 120095321 a multiple of 2925?
False
Is 39 a factor of 23070121?
False
Does 2566 divide 4758095310?
True
Is 163 a factor of 2048909026?
False
Is 118087480 a multiple of 3?
False
Is 1112 a factor of 1547047760?
True
Is 35498316 a multiple of 84?
True
Does 882 divide 42359371?
False
Is 183451840 a multiple of 2288?
True
Is 512221501 a multiple of 45?
False
Is 317873248 a multiple of 1738?
True
Is 1883 a factor of 51748606?
True
Does 319 divide 380124950?
False
Does 8 divide 3931716?
False
Is 2248722249 a 